28. Let g(q) = 57*q - 265. Calculate the remainder when d(-15) is divided by g(5).
7
Let s(v) = -v**3 - 5*v**2 + 3*v + 9. Let j be s(-6). Suppose p - j = -5*m, -5*p + 3*m + 18 = -33. Calculate the remainder when 1/(-3) + 624/9 is divided by p.
9
Let t(x) = -123*x - 32. Let s(y) = -2*y - 3. Let b(w) = 2*s(w) + t(w). What is the remainder when b(-5) is divided by 13?
12
Let z = -135 + -10. Let i = -137 - z. Calculate the remainder when 58 is divided by i.
2
Let l = 66264 + -42460. What is the remainder when l is divided by 48?
44
What is the remainder when (24/126*-1383)/(94/(-1645)) is divided by 17?
3
Let w be ((-1)/(-1))/((-22)/(-1738)). Let u = w - 82. Calculate the remainder when -27*u/6*(6 - 0) is divided by 14.
11
Suppose -5*z - 9*r + 15658 = -5*r, 3*z + 4*r - 9398 = 0. Calculate the remainder when z is divided by 87.
85
Let m = 11002 - 10975. Let h = 4 - -15. What is the remainder when m is divided by h?
8
Let d = 23657 - 23610. What is the remainder when (-5886)/(-21) + 2/(-7) is divided by d?
45
Let q(x) = -67*x + 2165. Calculate the remainder when (87/(-2))/((-6)/8) is divided by q(32).
16
Let f(m) = -m**3 - 17*m**2 + 392*m + 101. Calculate the remainder when 773 is divided by f(-30).
35
Suppose 15*c - 48*c = -13068. What is the remainder when c is divided by 80?
76
Suppose 3*d + 9 = 0, d - 16 = -b - 0*d. Let u = 7596 + -7545. Calculate the remainder when u is divided by b.
13
Suppose -30 = -2*f + 16. Let q be -4 - ((-2)/(-3) - 2532/18). Let a = -130 + q. Calculate the remainder when f is divided by a.
5
Suppose -13*p + 1925 = -33*p + 27*p. What is the remainder when p is divided by 62?
27
Let m be (-4 - (-12)/8)*(-4)/5. Suppose -4*f - r = -61, 4*f - 4*r - 71 = -7*r. Calculate the remainder when 684/14 + m/14 is divided by f.
7
Suppose -2*d + 5*k = -23, 0 = -2*d + 3*k - 8*k + 13. Suppose d*b = 3844 - 991. Calculate the remainder when b is divided by 14.
9
Suppose -5*w + 1995 = u, -3*w - 4*u = -0*w - 1180. Let i = w + -178. Suppose 11*g = i + 482. What is the remainder when g is divided by 11?
9
Suppose 0 = -35*k + 5*k - 31*k + 97234. Calculate the remainder when k is divided by 41.
36
Let m = 158 + -141. Suppose 0 = 11*f - 568 - 147. Calculate the remainder when f is divided by m.
14
Suppose -2*k + 0*k - 5*v = -40, -5*k - 4*v = -134. Let y = -76 - -81. Suppose -g + y*g = 80. Calculate the remainder when k is divided by g.
10
Let w = -54 - -64. Suppose 1 + 3 = q + 3*f, 0 = -f. Suppose 3*v + 4*a - 55 = 0, q*a = 3*v + 21 - 68. What is the remainder when v is divided by w?
7
Let i(c) = -2*c - 29. Let t(f) = f**3 - 3*f**2 - 6*f + 10. Let p be t(4). Calculate the remainder when (2/4)/(-1) + 35/p is divided by i(-18).
3
Suppose -1541 = -12*f + 1435. Suppose -6*h = 2*h - f. Let l = 81 - h. Calculate the remainder when l is divided by 26.
24
Let c(f) be the first derivative of -38 + 5*f**2 - 1/4*f**4 + 20*f + 10/3*f**3. Calculate the remainder when c(7) is divided by 48.
45
Suppose -19719 - 31092 = -27*w - 8475. What is the remainder when w is divided by 143?
138
Suppose 6239 = 3*a + 4*c, 113*c - 8322 = -4*a + 111*c. Calculate the remainder when a is divided by 149.
144
Suppose 185*n - 26100 = 98*n. What is the remainder when 1210 is divided by n?
10
Suppose 7 = n - 4*v - 2, -5*n + 4*v + 13 = 0. Let q be -10 - -7 - (n - 152). Let i = -39 + q. Calculate the remainder when i is divided by 10.
9
Suppose 0*t + 2*t - 36 = 0. Let k(m) = 48*m**2 - m + 1. Let n be 5/(-6) + (-1)/6. Calculate the remainder when k(n) is divided by t.
14
Suppose 2*f - 18 = 4*c, 2*c = 3*f - 4 - 23. Let v(o) = -12*o + 3. Let n be v(-5). Suppose 0 = 12*q - 21 - n. Calculate the remainder when f is divided by q.
2
Suppose 0 = -5*p + o + 21, 0*p - p = 4*o. Suppose 0 = -p*w + 19*w - 825. What is the remainder when 211 is divided by w?
46
Let o(u) = -u**3 - u**2 + 7*u - 28. Suppose 501*y + 28 = 497*y. Calculate the remainder when o(y) is divided by 56.
49
Let h(q) = 8*q**2 + 585. Calculate the remainder when h(-17) is divided by 67.
16
Suppose -5*r + 4*r + 97 = 2*g, 0 = -5*r + 4*g + 499. Suppose 11*c + 55 - r = 0. What is the remainder when c is divided by (((-24)/(-2))/(-2))/(-2)?
1
Suppose 0 = 2*w - 9 - 41. Calculate the remainder when ((-1512)/35 - -18)*-5 is divided by w.
1
Suppose 6*q = 8*q + 5*l + 171, 3*q - l = -214. Let m = -56 - 38. Let h = q - m. Calculate the remainder when 82 is divided by h.
19
Let t(u) = -u**2 + 25*u - 67. Let h be t(3). Calculate the remainder when 15 + -8 + h + 252 is divided by 13.
11
Let a = 31900 + -31696. Calculate the remainder when a is divided by 156.
48
Let a(h) = 2*h**2 - 15*h + 61. Calculate the remainder when 95 is divided by a(3).
27
Suppose 75*z = 80*z - 65. Suppose -z*l + 5296 + 4740 = 0. What is the remainder when l is divided by 18?
16
Suppose 2*g + 0*g = 22. Suppose -4 - g = -3*b. Suppose -8*j - 5*m = -7*j - 46, -4*j - 4*m + 40 = 0. Calculate the remainder when b is divided by j.
0
Suppose -438 - 156 = -27*n. Suppose 3*v + 2*v = 80. What is the remainder when v is divided by (-2)/(-8) - (-4)/32*n?
1
Calculate the remainder when 460 is divided by ((-31)/1 + 1)*(-120)/75.
28
Let n = 336 + -304. Suppose -7*y + 4*y + c + 56 = 0, -n = -y + 3*c. Let g(z) = 2*z**2 + 8*z + 9. What is the remainder when g(-6) is divided by y?
16
Let t = 18 + 10. Let g(u) = u**3 - 7*u**2 + 3*u - 52. Calculate the remainder when g(9) is divided by (t/(-3))/(0 - 3/9).
25
Suppose -27*n + 87 + 21 = 0. Suppose -n*c = -3*t - 51 + 329, 2*c - 302 = -3*t. Calculate the remainder when t is divided by 25.
23
Suppose 30 + 5 = 5*h. Let b be -3*(-55)/15 - 1*3. Suppose -4*c - 3*i + b*i = -81, 3*c = 3*i + 60. What is the remainder when c is divided by h?
5
Let p(y) = 61*y**2 + 5*y + 1. Suppose 8*q = -q + 9. Let s be p(q). Suppose 58 = 3*h + t, 2*h - 5*t - s = -0*t. What is the remainder when 82 is divided by h?
19
Suppose -344 = -10863*n + 10855*n. What is the remainder when 768 is divided by n?
37
Let a = -17294 - -20267. Calculate the remainder when a is divided by 175.
173
Let p = 48 - 33. Suppose 0 = 3*u + 12 + p. Let q = 16 - u. What is the remainder when 71 is divided by q?
21
What is the remainder when 778*((-45)/120)/((-3)/4) is divided by 189?
11
Suppose 108*i = -395 + 1259. Suppose 3*w = 35 + 34. Calculate the remainder when w is divided by i.
7
Let w(i) = i**2 - 10*i + 28. Let p be w(3). Suppose d - 2152 = -p*d. Calculate the remainder when d is divided by 17.
14
Let s(j) = -j**2 + 47. Let d(m) = -m**3 - 53*m**2 + 9*m + 506. What is the remainder when s(0) is divided by d(-53)?
18
Let t(p) be the second derivative of -p**3 - 27*p**2/2 + 4*p - 1. Calculate the remainder when 485 is divided by t(-9).
26
Let a(j) = 9*j + 718. What is the remainder when 5046 is divided by a(-77)?
21
Let f = -24 - -72. Let i = -39 + f. Suppose 5*l - i*h + 10*h = 59, 11 = l + h. Calculate the remainder when 15 is divided by l.
3
Let h be 9*20/15*(-86)/(-8). Let k = 155 - h. Calculate the remainder when 125 is divided by k.
21
Suppose -4*b - 5*a + 32 = 0, -a - 4*a - 72 = -4*b. What is the remainder when 113 is divided by b?
9
Let f(h) = 10*h**2 - 14*h + 4. Let v be f(4). Let x = -96 + v. What is the remainder when 70 is divided by x?
10
Let v(d) = -2*d + 80. Let c be v(0). Suppose -5*m - 2*k = -c, -6*k = 5*m - k - 95. What is the remainder when 34 is divided by m?
6
Let j be (138/(-4))/(3/(-54)). Suppose j = 5*d + 111. Suppose 0 = 24*r - 27*r + d. What is the remainder when r is divided by 12?
10
Suppose 0 = 5*p - 0*p + 50. Let l be (p + 8)*65/2. Calculate the remainder when (-6519)/(-39) - (-10)/l is divided by 34.
31
Suppose -2*q - 50 = -2*m, 0 = 2*m - 3*q - 23 - 32. Let v = -91 + 93. Suppose -a = -2*a - 1, -c + 5 = v*a. What is the remainder when m is divided by c?
6
Let i be 4/2 - 46*-1. Suppose -5*x = -x - i. What is the remainder when (-882)/1617 + 3912/33 is divided by x?
10
Suppose 9 = 5*l + 2*j, -5*j = 2*l - 9 + 18. Suppose 5*w + l*i - 82 = 6*i, 2*w - 5*i - 29 = 0. Calculate the remainder when 115 is divided by w.
13
Let h(g) = 5*g - 5. Suppose 3*q - 887*m = -888*m + 153, 5*m - 177 = -3*q. What is the remainder when q is divided by h(4)?
4
Let x(v) = 13*v**2 + 60*v - 264. What is the remainder when x(4) is divided by 17?
14
Suppose 0 = y - 53 - 231. What is the remainder